{"id":623,"date":"2013-11-03T17:59:46","date_gmt":"2013-11-03T16:59:46","guid":{"rendered":"http:\/\/laphilo.com\/blog\/?page_id=623"},"modified":"2025-06-07T16:48:21","modified_gmt":"2025-06-07T14:48:21","slug":"bioethique","status":"publish","type":"page","link":"https:\/\/laphilo.com\/blog\/emc\/bioethique\/","title":{"rendered":"Bio\u00e9thique"},"content":{"rendered":"<p><strong>Th\u00e8mes possible de r\u00e9flexion sur la th\u00e9matique de la bio\u00e9thique<\/strong><\/p>\n<ul>\n<li>Qu&rsquo;est-ce que la bio\u00e9thique ?<\/li>\n<li>Ce qui est techniquement possible, est-ce moralement souhaitable ?<\/li>\n<li>Petite g\u00e9n\u00e9alogie de la valeur accord\u00e9e \u00e0 la personne et \u00e0 la vie<\/li>\n<li>Quels pouvoirs nous donne la g\u00e9n\u00e9tique ?<\/li>\n<li>Quelle soci\u00e9t\u00e9 pr\u00e9parent les \u00ab\u00a0am\u00e9liorations\u00a0\u00bb g\u00e9n\u00e9tiques ?<\/li>\n<li>L&#8217;embryon est-il une personne ou un objet ?<\/li>\n<li>Quelle place doit-on accorder aux personnes \u00e2g\u00e9es ?<\/li>\n<li>Faut-il s&rsquo;acharner pour la survie ?<\/li>\n<li>Peut-on aider \u00e0 mourir pour une mort digne ?<\/li>\n<li>La question du don d&rsquo;organes<\/li>\n<li>La question des m\u00e9dicaments<\/li>\n<li>Choix \u00e9thiques question de culture<\/li>\n<\/ul>\n<p><strong>Quelques \u00e9l\u00e9ments pour nous questionner :<\/strong><\/p>\n<p><em>Ces questions abordent des th\u00e8mes complexes et importants qui se situent \u00e0 la crois\u00e9e de la philosophie, de l&rsquo;\u00e9thique, des sciences humaines et de la soci\u00e9t\u00e9 contemporaine. Voici quelques \u00e9l\u00e9ments de r\u00e9flexion pour chaque question :<\/em><\/p>\n<h2>1. Qu&rsquo;est-ce que la bio\u00e9thique ?<\/h2>\n<p>La bio\u00e9thique est une discipline qui traite des enjeux moraux et \u00e9thiques soulev\u00e9s par les avanc\u00e9es en biologie et en m\u00e9decine. Elle interroge les impacts des technologies sur la vie humaine, la dignit\u00e9, et les droits individuels. La bio\u00e9thique examine des questions telles que la recherche sur les cellules souches, la procr\u00e9ation assist\u00e9e, et l&rsquo;utilisation de nouvelles techniques.<\/p>\n<p>Ses concepts-cl\u00e9s sont l\u2019autonomie, la justice, le respect de la vie, et le principe de non-malfaisance.<\/p>\n<p>&gt; <a href=\"https:\/\/sante.gouv.fr\/grands-dossiers\/bioethique\/article\/5-questions-sur-la-bioethique\" target=\"_blank\" rel=\"noopener\">https:\/\/sante.gouv.fr\/grands-dossiers\/bioethique\/article\/5-questions-sur-la-bioethique<\/a><\/p>\n<h2>2. Ce qui est techniquement possible, est-ce moralement souhaitable ?<\/h2>\n<p>Il est tout \u00e0 fait crucial de distinguer entre les possibilit\u00e9s qu&rsquo;offrent la technique et la moralit\u00e9. La technique permet de r\u00e9aliser des avanc\u00e9es d\u00e9sormais inimaginables, mais cela ne va pas sans soulever des questions \u00e9thiques. Par exemple, la possibilit\u00e9 de manipuler le g\u00e9nome humain ouvre des d\u00e9bats sur les cons\u00e9quences sociales, politiques et individuelles. Ce qui est r\u00e9alisable doit absolument \u00eatre \u00e9valu\u00e9 en termes de cons\u00e9quences \u00e9thiques et sociales, et n\u00e9cessite une r\u00e9flexion philosophique et un d\u00e9bat public s\u00e9rieux pour d\u00e9terminer ce qui est souhaitable.<\/p>\n<h2>3. Petite g\u00e9n\u00e9alogie de la valeur accord\u00e9e \u00e0 la personne et \u00e0 la vie<\/h2>\n<p>L\u2019approche philosophique et \u00e9thique sur la valeur de la personne a \u00e9volu\u00e9 \u00e0 travers l\u2019histoire, influenc\u00e9e par des penseurs comme Kant, qui stipulait que chaque individu est une personne en tant qu&rsquo;il a une dignit\u00e9 propre et \u00e0 ce titre doit \u00eatre imp\u00e9rativement et cat\u00e9goriquement respect\u00e9. Dans d&rsquo;autres traditions, la valeur est souvent li\u00e9e \u00e0 l&rsquo;appartenance \u00e0 une communaut\u00e9 ou \u00e0 des r\u00f4les sociaux. La question de la vie humaine et de sa valeur est aussi li\u00e9e \u00e0 des contextes culturels, religieux et \u00e0 des conceptions vari\u00e9es de l&rsquo;anthropologie.<\/p>\n<h2>4. Quels pouvoirs nous donne la g\u00e9n\u00e9tique ?<\/h2>\n<p>Les avanc\u00e9es en g\u00e9n\u00e9tique offrent des outils puissants, notamment la capacit\u00e9 de diagnostiquer des maladies h\u00e9r\u00e9ditaires, de d\u00e9velopper des traitements personnalis\u00e9s et, potentiellement, de modifier des traits humains. Cependant, ce pouvoir pose des questions \u00e9thiques : qui contr\u00f4le ces technologies ? Quels risques pour la diversit\u00e9 g\u00e9n\u00e9tique ? Quelles implications pour l&rsquo;identit\u00e9 individuelle et collective ?<\/p>\n<h2>5. Quelle soci\u00e9t\u00e9 pr\u00e9parent les \u00ab\u00a0am\u00e9liorations\u00a0\u00bb g\u00e9n\u00e9tiques ?<\/h2>\n<p>Les \u00ab\u00a0am\u00e9liorations\u00a0\u00bb g\u00e9n\u00e9tiques ouvrent la porte \u00e0 une soci\u00e9t\u00e9 o\u00f9 des individus pourraient choisir des traits g\u00e9n\u00e9tiques pour leurs enfants. Cela soul\u00e8ve des pr\u00e9occupations d&rsquo;eug\u00e9nisme, de discrimination, et de division soci\u00e9tale. Une telle soci\u00e9t\u00e9 pourrait valoriser une certaine conception de la \u00ab\u00a0perfection\u00a0\u00bb, ostracisant ceux qui ne r\u00e9pondent pas \u00e0 ces standards.<\/p>\n<h2>6. L&#8217;embryon est-il une personne ou un objet ?<\/h2>\n<p>Cette question renvoie \u00e0 des d\u00e9bats fondamentaux sur le statut moral de l\u2019embryon. Les partisans du \u00ab\u00a0personnalisme\u00a0\u00bb consid\u00e8rent l\u2019embryon comme une personne ayant une valeur intrins\u00e8que, tandis que d\u2019autres, d\u00e9fendant une approche plus utilitariste, le voient comme un potentiel et non pas comme une personne \u00e0 part enti\u00e8re. Les enjeux \u00e9thiques li\u00e9s \u00e0 l\u2019avortement et \u00e0 la recherche sur les embryons en d\u00e9pendent fortement.<\/p>\n<h2>7. Quelle place doit-on accorder aux personnes \u00e2g\u00e9es ?<\/h2>\n<p>La question de la place des personnes \u00e2g\u00e9es dans la soci\u00e9t\u00e9 engage des consid\u00e9rations sur le respect, la dignit\u00e9, et les droits individuels. Alors que les personnes \u00e2g\u00e9es ont une richesse d&rsquo;exp\u00e9rience \u00e0 offrir, elles sont souvent marginalis\u00e9es. La soci\u00e9t\u00e9 doit peser la valeur des contributions des a\u00een\u00e9s contre les d\u00e9fis pos\u00e9s par les soins de sant\u00e9 et la d\u00e9pendance.<\/p>\n<h2>8. Faut-il s&rsquo;acharner pour la survie ?<\/h2>\n<p>Cette question pose des dilemmes entre le respect de la vie \u00e0 tout prix et le droit de mourir avec dignit\u00e9. Les cas de patients en fin de vie mettent en lumi\u00e8re les tensions entre les int\u00e9r\u00eats des patients, des familles, et des syst\u00e8mes de sant\u00e9. Les discussions sur l&rsquo;acharnement th\u00e9rapeutique n\u00e9cessitent une r\u00e9flexion \u00e9thique et un dialogue ouvert sur les souhaits des patients.<\/p>\n<h2>9. Peut-on aider \u00e0 mourir pour une mort digne ?<\/h2>\n<p>La question de l&rsquo;aide \u00e0 mourir touche aux notions de autonomie, de souffrance, et de dignit\u00e9. Le d\u00e9bat sur l&rsquo;euthanasie ou l&rsquo;aide m\u00e9dicale \u00e0 mourir soul\u00e8ve des enjeux \u00e9thiques relatifs \u00e0 la libert\u00e9 individuelle, \u00e0 la d\u00e9finition de la dignit\u00e9, et au r\u00f4le des professionnels de sant\u00e9. Comment garantir que ces choix soient faits de mani\u00e8re \u00e9clair\u00e9e et sans pressions externes ?<\/p>\n<h2>10. La question du don d&rsquo;organes<\/h2>\n<p>Le don d\u2019organes inscrits dans un cadre \u00e9thique soul\u00e8ve des questions sur l\u2019autonomie du donneur, le consentement, et l\u2019\u00e9quit\u00e9 dans l\u2019allocation des ressources. Les questions de marchandisation et d\u2019exploitation des personnes vuln\u00e9rables sont \u00e9galement centrales dans les discussions autour du don d&rsquo;organes.<\/p>\n<h2>11. La question des m\u00e9dicaments<\/h2>\n<p>L\u2019acc\u00e8s aux m\u00e9dicaments, particuli\u00e8rement dans le contexte des in\u00e9galit\u00e9s \u00e9conomiques et sociales, est une question \u00e9thique cruciale. Les brevets, les co\u00fbts des traitements, et la recherche sur des maladies n\u00e9glig\u00e9es posent des questions d&rsquo;\u00e9quit\u00e9 et de justice, essentiel pour une \u00ab\u00a0bio-souffrance\u00a0\u00bb collective.<\/p>\n<h2>12. Choix \u00e9thiques : question de culture<\/h2>\n<p>Les choix \u00e9thiques ne peuvent \u00eatre dissoci\u00e9s du contexte culturel dans lequel ils se posent. Ce qui est consid\u00e9r\u00e9 comme moralement acceptable varie d&rsquo;une culture \u00e0 l&rsquo;autre, et l&rsquo;interaction entre diff\u00e9rentes perspectives culturelles m\u00e9rite une consid\u00e9ration sinc\u00e8re. Les approches pluralistes et interculturelles permettent une meilleure compr\u00e9hension des enjeux globalis\u00e9s tout en respectant les sp\u00e9cificit\u00e9s locales.<\/p>\n<p>Ces r\u00e9flexions offrent un aper\u00e7u initial et ne se substituent pas aux d\u00e9bats plus larges que ces questions m\u00e9ritent. Les dialogues interdisciplinaires, ainsi que les contributions des domaines scientifiques et sociaux, sont essentiels pour avancer dans la compr\u00e9hension de ces probl\u00e9matiques \u00e9thiques.<\/p>\n","protected":false},"excerpt":{"rendered":"<p>Th\u00e8mes possible de r\u00e9flexion sur la th\u00e9matique de la bio\u00e9thique Qu&rsquo;est-ce que la bio\u00e9thique ? Ce qui est techniquement possible, est-ce moralement souhaitable ? Petite g\u00e9n\u00e9alogie de la valeur accord\u00e9e \u00e0 la personne et \u00e0 la vie Quels pouvoirs nous donne la g\u00e9n\u00e9tique ? Quelle soci\u00e9t\u00e9 pr\u00e9parent les \u00ab\u00a0am\u00e9liorations\u00a0\u00bb g\u00e9n\u00e9tiques ? L&#8217;embryon est-il une personne ou un objet ? Quelle place doit-on accorder aux personnes \u00e2g\u00e9es ? Faut-il s&rsquo;acharner pour la survie ? Peut-on aider \u00e0 mourir pour une mort digne ? La question du don d&rsquo;organes La question des m\u00e9dicaments Choix \u00e9thiques question de culture Quelques \u00e9l\u00e9ments pour nous<\/p>\n","protected":false},"author":1,"featured_media":0,"parent":1525,"menu_order":1,"comment_status":"open","ping_status":"open","template":"","meta":{"footnotes":""},"class_list":["post-623","page","type-page","status-publish","hentry"],"_links":{"self":[{"href":"https:\/\/laphilo.com\/blog\/wp-json\/wp\/v2\/pages\/623","targetHints":{"allow":["GET"]}}],"collection":[{"href":"https:\/\/laphilo.com\/blog\/wp-json\/wp\/v2\/pages"}],"about":[{"href":"https:\/\/laphilo.com\/blog\/wp-json\/wp\/v2\/types\/page"}],"author":[{"embeddable":true,"href":"https:\/\/laphilo.com\/blog\/wp-json\/wp\/v2\/users\/1"}],"replies":[{"embeddable":true,"href":"https:\/\/laphilo.com\/blog\/wp-json\/wp\/v2\/comments?post=623"}],"version-history":[{"count":8,"href":"https:\/\/laphilo.com\/blog\/wp-json\/wp\/v2\/pages\/623\/revisions"}],"predecessor-version":[{"id":1880,"href":"https:\/\/laphilo.com\/blog\/wp-json\/wp\/v2\/pages\/623\/revisions\/1880"}],"up":[{"embeddable":true,"href":"https:\/\/laphilo.com\/blog\/wp-json\/wp\/v2\/pages\/1525"}],"wp:attachment":[{"href":"https:\/\/laphilo.com\/blog\/wp-json\/wp\/v2\/media?parent=623"}],"curies":[{"name":"wp","href":"https:\/\/api.w.org\/{rel}","templated":true}]}}