{"id":1421,"date":"2016-05-15T10:38:49","date_gmt":"2016-05-15T14:38:49","guid":{"rendered":"http:\/\/laphilo.com\/blog\/?page_id=1421"},"modified":"2016-06-01T14:24:55","modified_gmt":"2016-06-01T18:24:55","slug":"speciale-revisions-bacphilo","status":"publish","type":"page","link":"https:\/\/laphilo.com\/blog\/objectif-bac\/speciale-revisions-bacphilo\/","title":{"rendered":"Sp\u00e9ciale R\u00e9visions BacPhilo"},"content":{"rendered":"<h1>R\u00e9visions avec le PhiloBlog<\/h1>\n<h2>Le SUJET<\/h2>\n<ul>\n<li><a href=\"http:\/\/laphilo.com\/blog\/2016\/05\/08\/revisions-bac-2016-descartes-je-pense-je-suis\/\">Descartes :\u00a0\u00bbJe pense donc je suis\u00a0\u00bb<\/a><\/li>\n<li><a href=\"http:\/\/laphilo.com\/blog\/2013\/11\/13\/svyato-ou-la-decouverte-de-son-image-dans-un-miroir\/\">La conscience de soi. Le stade du miroir<\/a><\/li>\n<li><a href=\"http:\/\/laphilo.com\/blog\/2013\/11\/13\/aha-erlebnis-ah-cest-moi-un-moment-decisif-dans-la-construction-de-soi\/\">Lacan et le stade du miroir<\/a><\/li>\n<li><a href=\"http:\/\/laphilo.com\/blog\/2013\/09\/26\/kant-posseder-le-je-dans-sa-propre-representation\/\">Kant et la repr\u00e9sentation de soi : dire Je<\/a><\/li>\n<li><a href=\"http:\/\/laphilo.com\/blog\/2015\/09\/07\/la-dissertation-peut-on-douter-de-lexistence-du-sujet\/\">Peut-on douter de l&rsquo;existence du sujet ?<\/a><\/li>\n<li><a href=\"http:\/\/laphilo.com\/blog\/2015\/09\/02\/tl-devoir-n1-puis-je-ne-pas-etre-moi-meme\/\">Puis-je ne pas \u00eatre moi-m\u00eame ?<\/a><\/li>\n<li><a href=\"http:\/\/laphilo.com\/blog\/2013\/10\/03\/etre-objectif-pour-un-sujet-est-ce-possible\/\">Etre objectif pour un sujet est-ce possible ?<\/a><\/li>\n<li><a href=\"http:\/\/laphilo.com\/blog\/2013\/10\/03\/piaget-la-necessaire-decentration-du-sujet\/\">Piaget et la n\u00e9cessaire d\u00e9centration du sujet<\/a><\/li>\n<li><a href=\"http:\/\/laphilo.com\/blog\/2013\/10\/03\/alain-socrate-comme-modele-de-la-modestie-du-sage\/\">Alain. Viser l&rsquo;objectivit\u00e9<\/a><\/li>\n<li><a href=\"http:\/\/laphilo.com\/blog\/cinephilo\/la-grande-cite-1964-de-satyajit-ray\/\">Le sujet peut-il se lib\u00e9rer de l&#8217;emprise de la tradition ?<\/a><\/li>\n<\/ul>\n<h2>La CONSCIENCE<\/h2>\n<ul>\n<li><a href=\"http:\/\/laphilo.com\/blog\/2016\/05\/09\/revisions-bac-2016-la-conscience\/\">Mini-cours sur la conscience<\/a><\/li>\n<li><a href=\"http:\/\/laphilo.com\/blog\/2014\/11\/19\/peut-on-definir-la-conscience\/\">Peut-on d\u00e9finir la conscience ?<\/a><\/li>\n<li><a href=\"http:\/\/laphilo.com\/blog\/2014\/11\/26\/alain-la-prise-de-conscience-et-ses-paradoxes\/\">Alain et la prise de conscience<\/a><\/li>\n<li><a href=\"http:\/\/laphilo.com\/blog\/2013\/10\/03\/camus-une-prise-de-conscience-nait-dune-revolte\/\">Camus. La prise de conscience na\u00eet d&rsquo;une r\u00e9volte<\/a><\/li>\n<li><a href=\"http:\/\/laphilo.com\/blog\/2014\/11\/26\/alain-la-prise-de-conscience-et-ses-paradoxes\/\">Bergson. La conscience comme synonyme de choix<\/a><\/li>\n<li><a href=\"http:\/\/laphilo.com\/blog\/2013\/12\/20\/la-conscience-de-soi-suppose-t-elle-autrui\/\">La conscience de soi suppose-t-elle autrui ?<\/a><\/li>\n<\/ul>\n<h2>L&rsquo;INCONSCIENT<\/h2>\n<ul>\n<li><a href=\"http:\/\/laphilo.com\/blog\/2016\/05\/10\/revisions-bac-2016-linconscient\/\">Mini-cours sur l&rsquo;inconscient<\/a><\/li>\n<li><a href=\"http:\/\/laphilo.com\/blog\/2014\/12\/17\/freud-a-la-decouverte-de-linconscient\/\">Freud et la d\u00e9couverte de l&rsquo;inconscient<\/a><\/li>\n<li><a href=\"http:\/\/laphilo.com\/blog\/2012\/10\/17\/la-manifestation-de-linconscient-psychique\/\">La manifestation de l&rsquo;inconscient psychique : le cas Elisabeth<\/a><\/li>\n<li><a href=\"http:\/\/laphilo.com\/blog\/2013\/11\/21\/une-dissertation-pour-le-deuxieme-devoir-a-la-maison\/\">Invoquer l&rsquo;inconscient nous rend-il irresponsables ?<\/a><\/li>\n<\/ul>\n<h2>La PERCEPTION<\/h2>\n<ul>\n<li><a href=\"http:\/\/laphilo.com\/blog\/2016\/05\/14\/revisions-bac-2016-la-perception\/\">Cours sur la perception : notions et auteurs \u00e0 ma\u00eetriser<\/a><\/li>\n<li><a href=\"http:\/\/laphilo.com\/blog\/2013\/10\/11\/sujet-percevant-objet-percu\/\">Sujet percevant et objet per\u00e7u<\/a><\/li>\n<li><a href=\"http:\/\/laphilo.com\/blog\/2013\/11\/10\/percevoir-est-ce-sentir\/\">Percevoir, est-ce sentir ?<\/a><\/li>\n<li><a href=\"http:\/\/laphilo.com\/blog\/2013\/10\/03\/etre-objectif-pour-un-sujet-est-ce-possible\/\">Percevoir objectivement le r\u00e9el<\/a><\/li>\n<li><a href=\"http:\/\/laphilo.com\/blog\/2013\/01\/22\/tl-comment-lame-en-vient-elle-a-recevoir-des-idees\/\">Locke. Comment l&rsquo;\u00e2me en vient-elle \u00e0 recevoir des id\u00e9es ?<\/a><\/li>\n<\/ul>\n<h2>Le DESIR<\/h2>\n<ul>\n<li><a href=\"http:\/\/laphilo.com\/blog\/2016\/05\/11\/revisions-bac-2016-le-desir\/\">Mini-cours sur le d\u00e9sir<\/a><\/li>\n<li><a href=\"http:\/\/laphilo.com\/blog\/2016\/01\/24\/krishnamurti-le-desir-est-il-oui-ou-non-un-probleme\/\">Krishnamurti. Le d\u00e9sir est-il oui ou non un probl\u00e8me ?<\/a><\/li>\n<li><a href=\"http:\/\/laphilo.com\/blog\/2016\/01\/20\/ts-ne-desire-t-on-que-ce-qui-est-bon\/\">Ne d\u00e9sire-t-on que ce qui est bon ?<\/a><\/li>\n<li><a href=\"http:\/\/laphilo.com\/blog\/2012\/10\/11\/tl-et-tes-quelle-place-pour-le-plaisir-dans-la-vie-heureuse\/\">Aristote. Quelle place pour le plaisir dans la vie heureuse ?<\/a>\u00a01\/3<\/li>\n<li><a href=\"http:\/\/laphilo.com\/blog\/2012\/10\/12\/tl-et-tes-cours-du-vendredi-12-octobre-2012\/\">Aristote. Le plaisir \u00e0 tout prix ou la recherche du bien moral ?<\/a> 2\/3<\/li>\n<li><a href=\"http:\/\/laphilo.com\/blog\/2012\/10\/13\/tl-et-tes-exemple-detude-de-texte\/\">Aristote. Tout plaisir est-il d\u00e9sirable ?<\/a>\u00a03\/3<\/li>\n<li><a href=\"http:\/\/laphilo.com\/blog\/2015\/01\/15\/schopenhauer-pourquoi-le-bonheur-fonde-sur-le-desir-est-il-impossible\/\">Schopenhauer. Pourquoi le bonheur fond\u00e9 sur le plaisir est-il impossible ?<\/a><\/li>\n<li><a href=\"http:\/\/laphilo.com\/blog\/2014\/09\/15\/epicure-lettre-a-menecee\/\">Epicure. Lettre \u00e0 M\u00e9n\u00e9c\u00e9e<\/a><\/li>\n<li><a href=\"http:\/\/laphilo.com\/blog\/2014\/01\/07\/amour-mot-qui-designe-a-la-fois-une-passion-et-un-sentiment\/\">Alain. Amour, passion ou sentiment ?<\/a><\/li>\n<li><a href=\"http:\/\/laphilo.com\/blog\/2016\/01\/04\/65-sujets-sur-le-desirs\/\">65 sujets sur le d\u00e9sir<\/a><\/li>\n<\/ul>\n<h2>AUTRUI<\/h2>\n<ul>\n<li><a href=\"http:\/\/laphilo.com\/blog\/2016\/05\/12\/revisions-bac-2016-autrui\/\">Mini-cours sur autrui<\/a><\/li>\n<li><a href=\"http:\/\/laphilo.com\/blog\/2013\/12\/20\/la-conscience-de-soi-suppose-t-elle-autrui\/\">La conscience de soi suppose-t-elle autrui ?<\/a><\/li>\n<li><a href=\"http:\/\/laphilo.com\/blog\/2014\/12\/15\/autrui-travail-sur-la-notion-1\/\">La notion d&rsquo;autrui<\/a> 1\/2<\/li>\n<li><a href=\"http:\/\/laphilo.com\/blog\/2014\/12\/15\/autrui-travail-sur-la-notion-2\/\">La notion d&rsquo;autrui<\/a> 2\/2<\/li>\n<li><a href=\"http:\/\/laphilo.com\/blog\/2014\/12\/19\/autrui-travail-sur-la-notion-3-un-sujet-de-dissertation\/\">La notion d&rsquo;autrui<\/a>\u00a0: Faut-il vivre pour autrui ?<\/li>\n<li><a href=\"http:\/\/laphilo.com\/blog\/2015\/01\/04\/autrui\/\">49 sujets sur la notion d&rsquo;autrui et probl\u00e9matiques<\/a><\/li>\n<li><a href=\"http:\/\/laphilo.com\/blog\/2014\/06\/08\/merleau-ponty-nous-vivons-dabord-dans-lexperience-dautrui\/\">Merleau-Ponty. Nous vivons d&rsquo;abord dans l&rsquo;exp\u00e9rience d&rsquo;autrui<\/a><\/li>\n<li><a href=\"http:\/\/laphilo.com\/blog\/2014\/01\/07\/amour-mot-qui-designe-a-la-fois-une-passion-et-un-sentiment\/\">Alain. Qu&rsquo;est-ce qui fait qu&rsquo;il est si difficile d&rsquo;aimer v\u00e9ritablement quelqu&rsquo;un ?<\/a><\/li>\n<\/ul>\n<h2>EXISTENCE et TEMPS<\/h2>\n<ul>\n<li><a href=\"http:\/\/laphilo.com\/blog\/2016\/05\/15\/revisions-bac-2016-existence-et-temps\/\">Mini-cours sur Existence et Temps<\/a><\/li>\n<li><a href=\"http:\/\/laphilo.com\/blog\/2014\/01\/18\/quelle-est-lessence-de-lhomme\/\">Sartre. L&rsquo;essence de l&rsquo;homme c&rsquo;est d&rsquo;exister<\/a><\/li>\n<li><a href=\"http:\/\/laphilo.com\/blog\/2015\/09\/07\/la-dissertation-peut-on-douter-de-lexistence-du-sujet\/\">L&rsquo;existence du sujet<\/a><\/li>\n<li><a href=\"http:\/\/laphilo.com\/blog\/cinephilo\/le-corps-du-philosophe\/\">L&rsquo;existence comme corps<\/a><\/li>\n<li><a href=\"http:\/\/laphilo.com\/blog\/2012\/09\/22\/tl-quelles-valeurs-pour-orienter-et-donner-sens-a-notre-existence\/\">Quelles valeurs pour orienter et donner sens \u00e0 notre\u00a0existence ?<\/a><\/li>\n<li><a href=\"http:\/\/laphilo.com\/blog\/2014\/01\/18\/le-temps-coule-t-il-comme-un-ruisseau\/\">Merleau-Ponty. Le temps coule-t-il comme un ruisseau ?<\/a><\/li>\n<li><a href=\"http:\/\/laphilo.com\/blog\/2014\/02\/06\/dans-quel-temps-errons-nous\/\">Pascal. Dans quel temps errons-nous ?<\/a><\/li>\n<li><a href=\"http:\/\/laphilo.com\/blog\/2014\/01\/18\/quelle-attitude-avoir-face-au-temps\/\">Quelle attitude face au temps ?<\/a><\/li>\n<\/ul>\n<h2><strong>La CULTURE<\/strong><\/h2>\n<ul>\n<li><a href=\"http:\/\/laphilo.com\/blog\/2015\/01\/27\/ts-reflexion-sur-la-notion-de-culture\/\" target=\"_blank\">R\u00e9flexion sur la notion de culture<\/a>\u00a01\/2<\/li>\n<li><a href=\"http:\/\/laphilo.com\/blog\/2012\/10\/19\/tsti2d-reflexion-sur-la-notion-de-culture\/\" target=\"_blank\">R\u00e9flexion sur la notion de culture<\/a> 2\/2<\/li>\n<li><a href=\"http:\/\/laphilo.com\/blog\/2014\/02\/06\/quest-lhomme-en-dehors-de-letat-de-culture\/\" target=\"_blank\">Hobbes. Qu&rsquo;est l&rsquo;homme en dehors de l&rsquo;\u00e9tat de culture ?<\/a><\/li>\n<li><a href=\"http:\/\/laphilo.com\/blog\/2014\/02\/06\/la-culture-est-elle-suffisante-pour-nous-rendre-plus-humains\/\" target=\"_blank\">Kant. La culture est-elle suffisante pour nous rendre plus humains ?<\/a><\/li>\n<li><a href=\"http:\/\/laphilo.com\/blog\/2014\/02\/06\/la-culture-est-elle-suffisante-pour-nous-rendre-plus-humains\/\" target=\"_blank\">Hegel. Que permet la culture ?<\/a><\/li>\n<li><a href=\"http:\/\/laphilo.com\/blog\/2014\/02\/06\/y-a-t-il-des-cultures-superieures-a-dautres\/\" target=\"_blank\">L\u00e9vi-Strauss. Y a-t-il des cultures sup\u00e9rieures \u00e0 d&rsquo;autres ?<\/a><\/li>\n<li><a href=\"http:\/\/laphilo.com\/blog\/2016\/02\/29\/exercice-quels-sont-les-parts-de-linne-et-de-lacquis-chez-lhomme\/\" target=\"_blank\">Quels sont les parts de l&rsquo;inn\u00e9 et de l&rsquo;acquis chez l&rsquo;homme ?<\/a><\/li>\n<li><a href=\"http:\/\/laphilo.com\/blog\/2016\/03\/07\/nietzsche-ne-venez-pas-me-parler-de-dons-naturels\/\" target=\"_blank\">Nietzsche et les dons naturels ?<\/a><\/li>\n<li><a href=\"http:\/\/laphilo.com\/blog\/2012\/10\/02\/le-bebe-vient-au-monde-avec-un-cerveau-inacheve\/\" target=\"_blank\">Le b\u00e9b\u00e9 vient au monde avec un cerneau inachev\u00e9<\/a><\/li>\n<\/ul>\n<h2><strong>Le LANGAGE<\/strong><\/h2>\n<ul>\n<li><a href=\"http:\/\/laphilo.com\/blog\/2016\/04\/24\/le-langage\/\" target=\"_blank\">Mini-cours sur le langage<\/a><\/li>\n<li><a href=\"http:\/\/laphilo.com\/blog\/2016\/04\/23\/tl-travail-sur-le-langage-la-notion-de-dialogue\/\" target=\"_blank\">La notion de dialogue<\/a><\/li>\n<li><a href=\"http:\/\/laphilo.com\/blog\/2016\/04\/20\/le-langage-nesprime-t-il-que-ce-que-lon-veut-communiquer\/\" target=\"_blank\">Le langage n&rsquo;exprime-t-il que ce que l&rsquo;on veut communiquer ?<\/a><\/li>\n<\/ul>\n<h2><strong>L&rsquo;HISTOIRE<\/strong><\/h2>\n<ul>\n<li><a href=\"http:\/\/laphilo.com\/blog\/2015\/03\/05\/reflexion-sur-la-notion-dhistoire\/\" target=\"_blank\">R\u00e9flexion sur la notion d&rsquo;histoire<\/a><\/li>\n<li><a href=\"http:\/\/laphilo.com\/blog\/2016\/04\/12\/lhistoire-est-elle-une-science\/\" target=\"_blank\">L&rsquo;histoire est-elle une science ?<\/a><\/li>\n<li><a href=\"http:\/\/laphilo.com\/blog\/2014\/06\/07\/lhistoire-est-elle-une-science-impossible\/\" target=\"_blank\">L&rsquo;histoire est-elle une science impossible ?<\/a><\/li>\n<li><a href=\"http:\/\/laphilo.com\/blog\/2016\/05\/30\/faut-il-commemorer-ou-oublier\/\" target=\"_blank\">Faut-il comm\u00e9morer ou oublier ?<\/a><\/li>\n<\/ul>\n<p>Le TRAVAIL<\/p>\n<p>La TECHNIQUE<\/p>\n<ul>\n<li><a href=\"http:\/\/laphilo.com\/blog\/2016\/05\/20\/un-objet-technique-peut-il-etre-beau\/\" target=\"_blank\">Un objet technique peut-il \u00eatre beau ?<\/a><\/li>\n<\/ul>\n<p>L&rsquo;ART<\/p>\n<h2>LA RELIGION<\/h2>\n<ul>\n<li><a href=\"http:\/\/laphilo.com\/blog\/2016\/06\/01\/peut-on-demontrer-rationnellement-lexistence-de-dieu\/\" target=\"_blank\">Peut-on prouver rationnellement l&rsquo;existence de Dieu ?<\/a><\/li>\n<\/ul>\n<p>La POLITIQUE<\/p>\n<p>La SOCIETE<\/p>\n<p>Les ECHANGES<\/p>\n<p><strong>Le DROIT et la JUSTICE<\/strong><\/p>\n<ul>\n<li><a href=\"http:\/\/laphilo.com\/blog\/2016\/05\/30\/pourquoi-desobeir\/\" target=\"_blank\">Pourquoi d\u00e9sob\u00e9ir ? R\u00e9flexion sur la d\u00e9sob\u00e9issance civile\u00a0<\/a><\/li>\n<\/ul>\n<p>L&rsquo;ETAT<\/p>\n<p>La MORALE<\/p>\n<p>Le DEVOIR<\/p>\n<p>La LIBERTE<\/p>\n<p>Le BONHEUR<\/p>\n<p>La RAISON<\/p>\n<p>Le REEL<\/p>\n<p>THEORIE et EXPERIENCE<\/p>\n<p>DEMONSTRATION<\/p>\n<p>INTERPRETATION<\/p>\n<p>La MATIERE et L&rsquo;ESPRIT<\/p>\n<p>Le VIVANT<\/p>\n<p>La VERITE<\/p>\n<p>&nbsp;<\/p>\n<p>&nbsp;<\/p>\n<p>&nbsp;<\/p>\n","protected":false},"excerpt":{"rendered":"<p>R\u00e9visions avec le PhiloBlog Le SUJET Descartes :\u00a0\u00bbJe pense donc je suis\u00a0\u00bb La conscience de soi. Le stade du miroir Lacan et le stade du miroir Kant et la repr\u00e9sentation de soi : dire Je Peut-on douter de l&rsquo;existence du sujet ? Puis-je ne pas \u00eatre moi-m\u00eame ? Etre objectif pour un sujet est-ce possible ? Piaget et la n\u00e9cessaire d\u00e9centration du sujet Alain. Viser l&rsquo;objectivit\u00e9 Le sujet peut-il se lib\u00e9rer de l&#8217;emprise de la tradition ? La CONSCIENCE Mini-cours sur la conscience Peut-on d\u00e9finir la conscience ? Alain et la prise de conscience Camus. La prise de conscience na\u00eet<\/p>\n","protected":false},"author":1,"featured_media":0,"parent":297,"menu_order":5,"comment_status":"closed","ping_status":"closed","template":"","meta":{"footnotes":""},"class_list":["post-1421","page","type-page","status-publish","hentry"],"_links":{"self":[{"href":"https:\/\/laphilo.com\/blog\/wp-json\/wp\/v2\/pages\/1421","targetHints":{"allow":["GET"]}}],"collection":[{"href":"https:\/\/laphilo.com\/blog\/wp-json\/wp\/v2\/pages"}],"about":[{"href":"https:\/\/laphilo.com\/blog\/wp-json\/wp\/v2\/types\/page"}],"author":[{"embeddable":true,"href":"https:\/\/laphilo.com\/blog\/wp-json\/wp\/v2\/users\/1"}],"replies":[{"embeddable":true,"href":"https:\/\/laphilo.com\/blog\/wp-json\/wp\/v2\/comments?post=1421"}],"version-history":[{"count":7,"href":"https:\/\/laphilo.com\/blog\/wp-json\/wp\/v2\/pages\/1421\/revisions"}],"predecessor-version":[{"id":1581,"href":"https:\/\/laphilo.com\/blog\/wp-json\/wp\/v2\/pages\/1421\/revisions\/1581"}],"up":[{"embeddable":true,"href":"https:\/\/laphilo.com\/blog\/wp-json\/wp\/v2\/pages\/297"}],"wp:attachment":[{"href":"https:\/\/laphilo.com\/blog\/wp-json\/wp\/v2\/media?parent=1421"}],"curies":[{"name":"wp","href":"https:\/\/api.w.org\/{rel}","templated":true}]}}